of 296581079.
317, 935587
List the prime factors of 216633070.
2, 5, 71, 463, 659
List the prime factors of 363967762.
2, 19, 157, 61007
What are the prime factors of 85932730?
2, 5, 13, 233, 2837
What are the prime factors of 72562892?
2, 18140723
What are the prime factors of 1236240597?
3, 20201, 20399
List the prime factors of 800897133.
3, 266965711
List the prime factors of 120495162.
2, 3, 37, 542771
What are the prime factors of 32294988?
2, 3, 11, 81553
List the prime factors of 532882003.
577, 923539
What are the prime factors of 48336607?
11, 4394237
What are the prime factors of 1499355069?
3, 17, 4999, 5881
What are the prime factors of 42838556?
2, 10709639
What are the prime factors of 101732352?
2, 3, 17, 487
List the prime factors of 54113956.
2, 13, 347, 2999
What are the prime factors of 1984400977?
13, 152646229
What are the prime factors of 639909639?
3, 101, 2897
List the prime factors of 760183340.
2, 5, 7, 67, 81043
What are the prime factors of 608571453?
3, 7, 28979593
List the prime factors of 1446855359.
3851, 375709
List the prime factors of 1273603390.
2, 5, 127360339
List the prime factors of 522139562.
2, 7, 2749, 13567
What are the prime factors of 31623000?
2, 3, 5, 83, 127
List the prime factors of 681341184.
2, 3, 113, 2617
List the prime factors of 1522480649.
31, 919, 53441
List the prime factors of 1009208331.
3, 79, 239, 5939
What are the prime factors of 3352805735?
5, 11383, 58909
What are the prime factors of 1142725001?
11, 103884091
List the prime factors of 110290856.
2, 13, 419, 2531
What are the prime factors of 56479873?
229, 246637
List the prime factors of 32282351.
71, 227, 2003
List the prime factors of 427945118.
2, 109, 983, 1997
What are the prime factors of 344667573?
3, 38296397
List the prime factors of 224802143.
211, 263, 4051
List the prime factors of 79894913.
7, 29, 393571
What are the prime factors of 68033461?
173, 393257
List the prime factors of 241402084.
2, 7, 11, 31, 131, 193
List the prime factors of 15373655.
5, 11, 25411
List the prime factors of 1998927527.
1998927527
What are the prime factors of 604697432?
2, 157, 481447
List the prime factors of 19522149.
3, 701, 9283
List the prime factors of 176283683.
101, 181, 9643
What are the prime factors of 174779750?
2, 5, 699119
List the prime factors of 72330786.
2, 3, 11, 263, 463
What are the prime factors of 111151657?
79, 1406983
What are the prime factors of 364160905?
5, 1949, 37369
What are the prime factors of 1090280123?
1997, 545959
What are the prime factors of 1430393474?
2, 23291, 30707
List the prime factors of 129111308.
2, 19, 1698833
What are the prime factors of 14514390?
2, 3, 5, 11, 181
What are the prime factors of 49546890?
2, 3, 5, 61169
List the prime factors of 1046191599.
3, 59, 761, 863
List the prime factors of 1105690581.
3, 4550167
What are the prime factors of 1959744625?
5, 15677957
What are the prime factors of 350687234?
2, 89, 409, 4817
What are the prime factors of 1661743299?
3, 43, 653, 19727
What are the prime factors of 57621458?
2, 311, 92639
List the prime factors of 195167582.
2, 17, 19, 397, 761
List the prime factors of 169601212.
2, 11, 3854573
List the prime factors of 698797373.
4817, 145069
List the prime factors of 231249956.
2, 7, 31, 266417
What are the prime factors of 1161228266?
2, 11, 29, 83, 21929
List the prime factors of 2356187706.
2, 3, 1453, 90089
List the prime factors of 10555474.
2, 463, 11399
List the prime factors of 22882221.
3, 17, 347, 431
List the prime factors of 46321111.
46321111
What are the prime factors of 972947585?
5, 4327, 44971
List the prime factors of 141467237.
141467237
What are the prime factors of 53961132?
2, 3, 4496761
List the prime factors of 231724927.
7, 67, 494083
What are the prime factors of 33481219?
43, 778633
What are the prime factors of 70397681?
47, 167, 8969
List the prime factors of 83646123.
3, 11, 2534731
List the prime factors of 141900243.
3, 211, 224171
List the prime factors of 12084552.
2, 3, 17, 1097
List the prime factors of 111345832.
2, 13, 41, 26113
What are the prime factors of 2835767570?
2, 5, 761, 372637
What are the prime factors of 131682339?
3, 167, 87613
List the prime factors of 132232394.
2, 7, 2393, 3947
What are the prime factors of 70600429?
70600429
What are the prime factors of 362603624?
2, 1307, 34679
What are the prime factors of 91122204?
2, 3, 7593517
List the prime factors of 3564105310.
2, 5, 19, 43, 53, 8231
List the prime factors of 227292876.
2, 3, 6313691
List the prime factors of 1250506683.
3, 41, 3388907
List the prime factors of 7315304.
2, 17, 19, 149
What are the prime factors of 56414560?
2, 5, 101, 3491
What are the prime factors of 50148616?
2, 7, 37, 24203
List the prime factors of 45896034.
2, 3, 61, 125399
What are the prime factors of 1050596585?
5, 71, 2959427
What are the prime factors of 23483108?
2, 11, 71, 7517
What are the prime factors of 21842802?
2, 3, 37, 32797
What are the prime factors of 77389639?
257, 301127
What are the prime factors of 396547973?
396547973
List the prime factors of 178226906.
2, 11, 13, 623171
List the prime factors of 7300742200.
2, 5, 3169, 11519
What are the prime factors of 70542868?
2, 11, 37, 43331
What are the prime factors of 68158226?
2, 34079113
List the prime factors of 532298767.
7, 11, 13, 59, 9013
What are the prime factors of 221465378?
2, 277, 399757
List the prime factors of 1803356212.
2, 7, 101, 91097
List the prime factors of 1814754969.
3, 269, 249863
What are the prime factors of 1637866780?
2, 5, 11, 1583, 4703
What are the prime factors of 321343940?
2, 5, 16067197
List the prime factors of 857953222.
2, 7, 23, 2664451
List the prime factors of 655018009.
41, 1223, 13063
What are the prime factors of 121133436?
2, 3, 19, 531287
List the prime factors of 118735563.
3, 409, 96769
What are the prime factors of 587431358?
2, 14939, 19661
List the prime factors of 2199480336.
2, 3, 467, 32707
List the prime factors of 2975284523.
2975284523
List the prime factors of 87065876.
2, 251, 86719
What are the prime factors of 120961019?
10501, 11519
What are the prime factors of 163164024?
2, 3, 23, 32843
List the prime factors of 16451720.
2, 5, 19, 21647
What are the prime factors of 1090575609?
3, 363525203
What are the prime factors of 349999395?
3, 5, 23, 61, 16631
List the prime factors of 354098198.
2, 257, 688907
List the prime factors of 255882631.
29, 8823539
What are the prime factors of 336861991?
336861991
List the prime factors of 1098860446.
2, 549430223
What are the prime factors of 3176721833?
109, 163, 178799
List the prime factors of 3824266.
2, 1912133
What are the prime factors of 66641995?
5, 7, 37, 51461
What are the prime factors of 706172875?
5, 43, 131381
List the prime factors of 4373272052.
2, 31, 41, 157, 5479
What are the prime factors of 361612009?
11, 19, 157291
What are the prime factors of 776747025?
3, 5, 401, 8609
What are the prime factors of 357701007?
3, 67, 1779607
What are the prime factors of 674082759?
3, 7, 17, 269741
What are the prime factors of 116492327?
7, 31, 71, 7561
What are the prime factors of 93221619?
3, 19, 31, 52757
What are the prime factors of 678340022?
2, 89, 3810899
List the prime factors of 351529794.
2, 3, 7, 11, 28181
List the prime factors of 395375950.
2, 5, 277, 28547
What are the prime factors of 308766226?
2, 19, 8125427
List the prime factors of 94939502.
2, 7, 139, 48787
List the prime factors of 2043358832.
2, 89, 1434943
What are the prime factors of 201907017?
3, 13, 607, 2843
What are the prime factors of 3676006806?
2, 3, 612667801
List the prime factors of 292458136.
2, 43, 83, 10243
What are the prime factors of 95308128?
2, 3, 59, 71, 79
What are the prime factors of 21139191?
3, 19, 89, 463
List the prime factors of 28395407.
701, 40507
List the prime factors of 74780623.
74780623
List the prime factors of 2519032867.
13, 97, 1997647
List the prime factors of 153725827.
19, 281, 28793
What are the prime factors of 507134534?
2, 101, 2510567
List the prime factors of 1349718331.
13, 31, 241, 1069
What are the prime factors of 27388034?
2, 13694017
What are the prime factors of 186534584?
2, 41, 61, 9323
List the prime factors of 380190626.
2,